prime?
True
Let b = -164438 + 281119. Is b a prime number?
True
Let z(y) = 1082*y**2 - 47*y + 16. Is z(3) prime?
True
Suppose -95*b + 1832391 = 4*b. Is b prime?
False
Let z = -46299 - -9359. Is ((-15)/(-25))/((-4)/z) prime?
False
Let w(g) be the first derivative of 7*g**4/4 + 10*g**3/3 + 13*g**2 - 8*g + 96. Is w(9) composite?
True
Let m(s) = -1863*s - 14. Let t(a) = a**2 - 2*a - 31. Let k be t(6). Is m(k) a prime number?
False
Suppose 2*g = 4*a - 239950 + 6756, -3*g = -4*a + 233193. Is a prime?
False
Let y = 552785 - 220584. Is y a composite number?
False
Let k = 22864 - 10334. Suppose k = -0*x + 10*x. Is x a composite number?
True
Suppose -4*j + 2*b + 18 = 0, -5*j + 4*b + 24 = -0*j. Let r(k) = -3*k + 41 - 42 + 3*k**2 + j*k**2. Is r(6) a prime number?
True
Let s(y) = 2*y**2 + y - 34. Suppose -5*z = -18 - 7. Let r be s(z). Let h(n) = -n**3 + 26*n**2 - 34*n + 16. Is h(r) composite?
True
Let x(f) be the third derivative of 9*f**6/40 + f**5/60 - f**4/24 + 2*f**3/3 - 18*f**2 - 3*f. Is x(3) a prime number?
True
Suppose 2*n = -5*q + 1039611, -2*q + 3*n = 24078 - 439930. Is q a composite number?
False
Let y(u) = -u - 24 + 27 + 11. Let p be y(10). Suppose -5*v - 3*x = -5210, -p*x - 3097 = -4*v + v. Is v prime?
True
Suppose -7*r + 3*t - 5366 = -2*r, -3*r = 2*t + 3212. Let l be ((-11)/(220/r))/((-4)/(-30)). Suppose -30*n - l = -32*n. Is n a prime number?
False
Suppose -4*h = d - 46, 4*d = 3*h + h - 36. Suppose 0 = -h*r + r + 30. Suppose 5*w + 1900 = 5*t, 4*w = r*w - 1. Is t composite?
False
Let v be (39 - (-3 + 4))/2. Suppose -23*j = -v*j. Suppose j = -4*a - 5*h + 1688, 5 = -a + 3*h + 427. Is a a composite number?
True
Let h be (-4)/42 + 2383762/(-777). Let x = -19 - h. Is x composite?
False
Let f(j) = 113*j**2 - 18*j + 34. Let o be f(10). Let m = -7657 + o. Is m prime?
False
Suppose -15*j - 48146 = -34*j. Suppose 15*d = 22*d - j. Is d composite?
True
Let p be -2 - 1 - 45/(-9). Is 101966/17*1/p composite?
False
Let y(q) = 27*q**2 + 36*q + 82. Suppose 5*o = -90 + 5. Is y(o) prime?
False
Suppose 0 = 2*y + 8, -h - y = 2*y - 36337. Is h a composite number?
True
Suppose 110*o + j - 883979 = 108*o, 45 = 5*j. Is o composite?
True
Let h(v) = 2*v**2 + 3*v + 3. Let n be h(-1). Suppose 2*y = 4*o + 14, -n*y + 4*o + 18 = -o. Is (-1)/5 - y - (-35106)/30 a prime number?
True
Let u be 404/(-24)*-2*3. Let o = 1971 + u. Suppose -2*c - 6*c = -o. Is c composite?
True
Let l = 24043 + -14426. Is l composite?
True
Suppose -7*c + 119 = 14. Suppose 4*b + c = 9*b. Suppose -b*q = -q - 114. Is q a composite number?
True
Suppose -9*p = -17*p + 33776. Let i = -1229 + p. Is i prime?
False
Suppose 2*o + 131*x = 135*x + 58934, -5*o = 5*x - 147380. Is o a composite number?
False
Let a = -1007 + 1475. Let s = a + -269. Is s a composite number?
False
Let x = 246878 + -34101. Is x prime?
True
Let a be (-9)/(7/((-98)/3)). Suppose a = -5*i - 3*p, -9*i - 4*p = -7*i + 14. Let x(y) = -155*y - 34. Is x(i) a prime number?
True
Suppose -10*o = -o - 9. Let g(c) = 17034*c**2 - 9*c + 8. Is g(o) a composite number?
False
Suppose 0 = -u + 4*x + 54779, 4*u + 77*x = 72*x + 219221. Is u prime?
True
Suppose 11 - 71 = 4*i. Let k(a) = -131*a - 114. Is k(i) a composite number?
True
Suppose -p + f + 354 + 113 = 0, -5*p + 3*f = -2329. Suppose 960 + p = g. Suppose 6546 = 10*h - g. Is h composite?
False
Let p be 150/(-20)*(-4)/5. Let o(k) be the third derivative of -k**5/60 + 17*k**4/24 + k**3/6 + 15*k**2. Is o(p) composite?
False
Let f(i) = 3*i**2 - 31*i - 105. Let n be f(-24). Suppose 29*b - 38*b + n = 0. Is b a composite number?
False
Let c(h) = -29772*h - 1093. Is c(-2) a prime number?
True
Let p be 3 + (56339 + -3)/4. Let r = -6636 + p. Is r composite?
False
Suppose 0 = -60*v + 4094734 + 6240810 - 3760924. Is v a prime number?
False
Is (10886348/26)/2 - 64/(-416) composite?
False
Let i(u) = u**2 + 4*u. Let z be i(-3). Suppose 0 = 4*f - 0*f - 228. Is f - (z + 0 + 7) prime?
True
Let u(j) = 501*j**3 + 10*j**2 + 36*j - 96. Is u(7) composite?
False
Suppose -5*q - 5 = -4*g, 5*q + 0*g + 5 = -4*g. Is (((-16)/(-24))/q)/((-2)/3561) a prime number?
True
Let a(d) = d - 21. Let c be a(21). Suppose -44 = -5*u - c*f + 4*f, -3*u + 28 = -2*f. Is (1 - 2)/(u/(-9852)) a prime number?
True
Let y be 4/(-3)*(2 + -5 + 0). Let x be 10 + 0 + -2 - y. Suppose 0 = x*q - 255 - 229. Is q composite?
True
Let n(p) = 59*p**3 - 7*p**2 + 35*p - 692. Is n(17) composite?
False
Suppose -1137312 = -50*o + 379738. Is o composite?
False
Let l be (23 - 4) + (-91)/13. Suppose -2*y - 27350 = -l*y. Is y composite?
True
Let x(j) = 2035*j + 187. Is x(18) a composite number?
True
Suppose 2*i + 55 = 51, -5*q - i + 296183 = 0. Is q prime?
False
Let q(d) = d**3 + 7*d**2 + 3*d + 19. Let f be q(-7). Let z be 4 - ((1 - -5) + f). Suppose z = -5*c + c + 3*s + 1913, s + 1915 = 4*c. Is c prime?
True
Let f(m) = 18*m - 47. Is f(40) a prime number?
True
Suppose 0 = -4*j - 8*m + 337660, -5*m - 337699 = -19*j + 15*j. Is j prime?
True
Suppose -u - 12 = -19, f + 4*u = 67019. Is f composite?
True
Let z = -27467 + 57764. Suppose 13306 + z = 5*p - 4*h, 3*p + 3*h = 26151. Is p composite?
False
Let h(n) = 256965*n**2 - 12*n + 28. Is h(3) composite?
False
Let c = 1619178 + -671443. Is c prime?
False
Let o(k) = -14037*k - 4289. Is o(-12) a prime number?
False
Let k = 26885 - 21808. Is k composite?
False
Suppose 0 = -0*m - 5*m + 10735. Let x = 3068 - m. Is x composite?
True
Suppose 11*g - 12*g + 20 = 0. Suppose g = 4*b, -4*q - 4*b + 10598 = 1986. Let n = q + -1051. Is n prime?
True
Suppose -40*m = -37*m - 18. Suppose -2*z = -4*p + 6, m = p + z + 12. Is p*2*((-930)/(-4))/(-15) a prime number?
True
Suppose -5*v + 1222*n = 1217*n - 498415, v - 3*n - 99671 = 0. Is v a composite number?
False
Let w(n) = 2*n**3 - 10*n**2 + 31*n - 8. Let a be w(-16). Let q = 19073 + a. Is q a prime number?
True
Is ((-1)/3*1)/((-14)/2135238) composite?
False
Suppose t + 6*u - 11*u - 7138 = 0, 0 = -3*u - 9. Is t composite?
True
Let k(o) = -8*o + 29. Let l be k(3). Let i(d) = 69*d**3 + 3*d**2 + 16*d + 11. Is i(l) a composite number?
True
Let l = -130 + 133. Suppose 8*i - 12551 = -l*i. Is i a prime number?
False
Suppose -10 = 13*d - 62. Suppose -d*y - 9896 = -r - 5*y, y = -3*r + 29690. Is r a composite number?
True
Let i = -65271 - -101000. Is i composite?
False
Suppose -i = -5*i + 5*b + 2236, -4*i = -2*b - 2236. Let t = 214 + i. Suppose -2255 = -3*c - 5*q + 6*q, -c = 5*q - t. Is c prime?
False
Is -536915*(-6)/20*(-20)/(-30) prime?
False
Suppose 2*i = 3*t + 149089, -3*i - 15*t + 14*t + 223650 = 0. Is i a composite number?
True
Suppose 0 = a + 2*a - 2*p - 79, 3*p = -4*a + 111. Let h(l) = l**2 - 7*l + 91. Is h(a) prime?
True
Let d(v) = v**3 + 23*v**2 - 17*v - 48. Let m be 272/(-72) + 4 - 418/18. Let u be d(m). Let a = 744 - u. Is a composite?
False
Suppose 5*c = -6*q + 1407985, 28*q - 23*q - 563207 = -2*c. Is c a prime number?
False
Let o(v) = 108*v**2 + 60*v - 811. Is o(39) prime?
False
Let i(r) = 868*r**2 + 28*r - 97. Is i(-11) composite?
False
Let t be ((-4)/(-5))/(4/10). Suppose -t*v = 4*k - 1114, 0 = 3*k - 15 + 6. Is v prime?
False
Let k = 656 - -57. Let o = 1850 - k. Is o prime?
False
Let o be (50/8 - 4) + (-5)/20. Suppose -m = 2*m. Suppose -o*j + 775 = 5*s, m*s = -2*s + 5*j + 339. Is s prime?
True
Let x(q) = 631*q**2 - 175*q - 17. Is x(-11) prime?
True
Let a(j) = 2357*j**2 + 76*j + 283. Is a(-4) composite?
False
Suppose -4*q - 17 - 23 = -4*r, r - 5*q - 14 = 0. Let s(a) = a**3 - 6*a**2 - 4. Is s(r) prime?
True
Is 1/2*(-7646722)/(-227) a composite number?
False
Is (513/342)/(3/172738) a composite number?
False
Let i(b) = -6*b - 37. Let c be i(-6). Let o be (-15)/(c*(4 - 1)). Suppose o*z - 261 = 2174. Is z composite?
False
Suppose 0 = -5*n + 20, -48*t - 5198668 = -52*t - 2*n. Is t a prime number?
False
Let d be (-40132)/28 + (-24)/(-84). Let f = -324 - d. Is f composite?
False
Suppose 18*w + 7707 = 36057. Suppose 5*n - 24 - 1 = 0. Suppose -3*f = n*l - 4*f - 2608, 3*l - w = 4*f. Is l a prime number?
True
Suppose s = 18*i - 20*i + 16018, 5*i - 5*s = 40045. Is i composite?
False
Let a(q) = 15*q**2 - 2*q - 22. Let h be a(5). Suppose 0 = 339*l - h*l + 15148. Is l composite?
True
Suppose -5*j + j = -3436. Suppose -3106 = r - j. Is ((-4)/10*-5 - r) + 2 prime?
True
Suppose 10*u + 3 = 43. Suppose 2*n = -u*x + 2